et h = -25 - -54. What is the remainder when 104 is divided by h?
17
Suppose -w + 78 = r - 53, 135 = r - w. Suppose -183 = -4*b + r. Let x(h) = h**3 - 5*h**2 - 9*h - 8. Calculate the remainder when b is divided by x(7).
25
Let m = -1202 - -1238. Suppose 5*n - 46 = -7*v + 3*v, 5*n + 10 = 0. Calculate the remainder when m is divided by v.
8
Let o be 4/(-22) - (-342)/66. Suppose -3 = -o*y + 2*y, 5*v = -5*y + 20. Let a(w) = -w + 4. Calculate the remainder when v is divided by a(3).
0
Suppose 0*i + 4*i = 780. Calculate the remainder when i is divided by (-1)/(((-2)/147)/(44/66)).
48
Let k = -32 - -55. Let f(v) = -5*v - 1 - 2 + 4*v. What is the remainder when k is divided by f(-9)?
5
Let f(m) = m**2 - 11*m + 11. What is the remainder when f(22) is divided by 64?
61
Let n = -17 - -47. Let i be 1*-1 - (-3 + 0). Suppose -3*c = -i - 259. What is the remainder when c is divided by n?
27
Suppose 104 = 7*j - 3*j. Calculate the remainder when 49 is divided by j.
23
Let f(q) = 2*q**3 - 3*q**2 + 6*q - 5. Calculate the remainder when 96 is divided by f(2).
8
Let l = -408 + 418. Calculate the remainder when 36 is divided by l.
6
Suppose -2*n + 90 = -278. What is the remainder when n is divided by 49?
37
Suppose -s = b - 0*b, 5*s + 2*b + 9 = 0. Let w(l) = -3*l + 2. Let f = -44 + 76. What is the remainder when f is divided by w(s)?
10
Let d = -578 - -592. Calculate the remainder when 265 is divided by d.
13
Let n be (-50)/(-15)*9/5. Suppose -n*b - 315 = -15*b. What is the remainder when b is divided by 13?
9
Let b = -176 - -244. What is the remainder when 2445 is divided by b?
65
Let l = -6 - -2. Let p be l - -5 - 1/(-1). Suppose -7*u = -p*u - 55. What is the remainder when 42 is divided by u?
9
Let f = 208 - 110. Calculate the remainder when f is divided by 29.
11
Let r(f) = 15*f**2 + 2*f + 1. Let q = -19 - -34. Suppose u = -3*j + 1, -4*j + j - q = -3*u. What is the remainder when r(j) is divided by 6?
2
Let s(q) = q**3 - 2*q**2 - 8*q. Let r be s(4). Suppose r = -12*i + 702 - 90. Calculate the remainder when i is divided by 13.
12
Let s = 11 + -8. Let j(h) = -232*h + 233*h + 14 + 2. What is the remainder when j(-11) is divided by s?
2
Suppose 7*g - 440 = -27. What is the remainder when 97 is divided by g?
38
Suppose -56 = 4*x - 6*x. Calculate the remainder when (6/(-9)*(-2247)/(-14))/(-1) is divided by x.
23
Let p = -13 - -45. What is the remainder when p is divided by 14?
4
Suppose -2*r + r + 33 = 0. Calculate the remainder when 5542/(-68)*(-2)/1 is divided by r.
31
Let c(i) = i**3 - 7*i**2 + 6*i + 7. Suppose 4*b + 18 = m, -3*b + 3 = m - 2*b. Suppose -8*a + 130 = -3*a. Calculate the remainder when a is divided by c(m).
5
Let t(g) = -284*g**3 + 5*g**2 + 6*g. What is the remainder when t(-1) is divided by 12?
7
Suppose 85*w = 51*w + 1088. Suppose -4*b - 4*a = -644, 5 + 7 = 3*a. Calculate the remainder when b is divided by w.
29
Let v(s) = -2*s**3 + 24*s**2 + 117*s - 5. Suppose -4*z + g = -618, -z = -5*z + 2*g + 616. What is the remainder when z is divided by v(-4)?
38
Suppose -5*c + p = -241, -2*c + 23 = 3*p - 87. What is the remainder when 128 is divided by c?
30
Let y(m) = 53*m - 298. Calculate the remainder when 215 is divided by y(7).
69
Let x(z) = 10 + 13*z - 14*z + 7*z. Calculate the remainder when x(5) is divided by 21.
19
Let w be (1/(-3) - 40/24) + 38. What is the remainder when 71 is divided by 1 + -3 - (3/(-1) - w)?
34
Let i be ((-8)/20)/(-4*(-1)/(-30)). Suppose 2*t - 6 = -4*d + 106, 57 = t + i*d. Calculate the remainder when t is divided by 19.
16
Calculate the remainder when 30 is divided by (10 + -13)*(-3)/(3/10).
0
Let m(d) = -3*d**2 - 3*d - 2. Let k be m(-6). Calculate the remainder when (4 + (k - 3))*-1 is divided by 24.
19
Let w be (-3)/(-6) + (-7)/(-2). Let u be 2/((-4)/w)*-8. Let f = u + -12. Calculate the remainder when 15 is divided by f.
3
Suppose -7*t + 3*t = -2100. Calculate the remainder when t is divided by 33.
30
Let y = -1065 + 1145. Calculate the remainder when y is divided by 9.
8
Let k(j) = -j**2 + 12*j + 14. Let d be k(14). What is the remainder when 81 is divided by (-4)/(4/d + 0)?
11
Let i(a) = -a + 15. Let r be i(7). Let g be 18/8 - (-6)/r. Suppose 5*x - 498 = -g*s - 16, 612 = 4*s - x. Calculate the remainder when s is divided by 39.
37
Suppose 4*n + 220 = 2*d, n + 98 = -n + 4*d. Let s = n + 72. What is the remainder when 116 is divided by s?
11
What is the remainder when 33278/63 - 6/27 is divided by 14?
10
Suppose -2*w + 114 + 82 = -5*a, -170 = 4*a + 5*w. Let d = a + 58. Calculate the remainder when 69 is divided by d.
15
Let w = 419 - 352. Calculate the remainder when 263 is divided by w.
62
Calculate the remainder when 17 is divided by -4*(2 - (-126)/(-24)).
4
Let n(r) = -r**3 - 6*r**2 - 8*r. Suppose -6*f + 292 = 46. What is the remainder when f is divided by n(-5)?
11
Suppose 25*k + 22*k - 8178 = 0. What is the remainder when k is divided by 61?
52
Let l(p) = -p + 9. Let b be l(6). Suppose -b*d + 20 - 79 = -5*h, -2*h + 14 = 2*d. What is the remainder when (-3)/(18/4) + 238/6 is divided by h?
9
Let m be ((-33)/6 - -4)*-2. Suppose -24 = -3*n - m. What is the remainder when 54 is divided by n?
5
Let k(j) = -15*j. Let u be k(-2). Let n = 80 - u. Suppose 0 = 3*r - 12, 2*r - 6*r = -5*t + 49. Calculate the remainder when n is divided by t.
11
Suppose -5*b + 38 - 18 = 0. Let n(t) = 2*t**2 - 4*t - 1. Calculate the remainder when 50 is divided by n(b).
5
Let y = 126 - -26. Let m(f) = -12*f**3 - f**2 - f. Let k be m(2). Let n = y + k. What is the remainder when n is divided by 13?
11
Let i = -187 + 225. Calculate the remainder when 412 is divided by i.
32
Let n = -10 - -14. Suppose -2*x - 7 = -27. Let o = -7 + x. Calculate the remainder when n is divided by o.
1
Suppose -4*c = -3*z - 131, -5*z = -14 - 1. What is the remainder when c is divided by 14?
7
Suppose 2*j - 1 = z + 31, z = -2*j + 36. Calculate the remainder when 59 is divided by j.
8
Suppose 2*c - 3*y + 35 = 3, -y - 21 = c. Let r = 15 - c. Suppose 681 - 6 = 5*d. Calculate the remainder when d is divided by r.
33
Calculate the remainder when 86*(-1)/12*-6 is divided by 20.
3
Suppose 30 = 3*q - 3*l, 8 = -5*l + 3*l. Suppose -s + 115 = 4*p, p - s + 4*s - 26 = 0. Calculate the remainder when p is divided by q.
5
Suppose 0 = -5*m + 8*m - 9. Suppose 2*p - 20 = -m*p. Calculate the remainder when ((-6)/(-7))/((-2)/(-42)) is divided by p.
2
Let g(s) = s**3 + 12*s**2 - 3*s. Calculate the remainder when g(-9) is divided by 68.
66
Let w(p) be the third derivative of 0*p + 11/6*p**3 - 1/24*p**4 + 5*p**2 + 0. What is the remainder when 3 is divided by w(8)?
0
Suppose 4*c + 3*v = 7*v + 148, -3 = 3*v. Suppose c = 4*y - y. Suppose 7*j = y*j - 110. Calculate the remainder when j is divided by 14.
8
Let t(o) = -o + 7. Let z be t(3). Suppose -z*r + 0*r + 176 = 0. Calculate the remainder when r is divided by 9.
8
Let a(h) = 10*h**2 + h. Calculate the remainder when a(-1) is divided by 12 + 3*(3 - 4) + -3.
3
Let f(a) = -51*a - 19. Calculate the remainder when 155 is divided by f(-1).
27
Let z = 46 + -29. Let s = -16 - z. What is the remainder when 31 is divided by (s/(-12))/((-1)/(-4))?
9
Suppose 0*c = -4*c - 112. Let t = -22 - c. Calculate the remainder when 33 is divided by t.
3
Let a = 368 - 341. Calculate the remainder when 45 is divided by a.
18
Suppose l - 37 = -5*z + 93, z - 15 = 2*l. Suppose 2*q = q + p - 5, q = -5*p + z. Suppose -j + 19 = -q*j. Calculate the remainder when j is divided by 10.
9
Let t be 1*2*(5 - 4). Suppose -6*d = -t*d - 44. Suppose -j - 9 = -3*y, -8*j - 5*y = -12*j - 1. What is the remainder when d is divided by j?
5
Suppose 11*s - 249 + 106 = 0. What is the remainder when 283 is divided by s?
10
Let y(d) = -22*d - 30. What is the remainder when y(-6) is divided by 54?
48
Suppose 32*r = 80*r - 76512. Calculate the remainder when r is divided by 28.
26
Suppose -23*b = 9*b - 14336. Calculate the remainder when b is divided by 18.
16
Suppose -26 = -2*s - 0*k + k, -64 = -4*s - 4*k. Suppose -65 = -s*y + 9*y. What is the remainder when 75 is divided by y?
10
Suppose 0 = -41*s + 33*s + 296. What is the remainder when 255 is divided by s?
33
Let h(f) = 84*f**3 + f**2 - f - 1. Let d be h(1). Suppose 6*v + 3*w = 2*v + d, -2*w = -5*v + 75. What is the remainder when v is divid